{"id":371,"date":"2020-05-02T13:19:53","date_gmt":"2020-05-02T11:19:53","guid":{"rendered":"https:\/\/www.pealfa.duckdns.org\/wordpress\/?page_id=371"},"modified":"2021-10-04T13:41:23","modified_gmt":"2021-10-04T11:41:23","slug":"leccion","status":"publish","type":"page","link":"https:\/\/www.pealfa.duckdns.org\/wordpress\/?page_id=371","title":{"rendered":"Lecciones"},"content":{"rendered":"<h2 style=\"text-align: center;\">\nMatem\u00e1ticas I<\/h2>\n<div style=\"text-align: center;\">\n<\/div>\n<ol>\n<li><a href=\"https:\/\/www.pealfa.duckdns.org\/wordpress\/?tag=aritmetica&#038;cat=3\">Aritm\u00e9tica<\/a><\/li>\n<li><a href=\"https:\/\/www.pealfa.duckdns.org\/wordpress\/?tag=algebra&#038;cat=3\">\u00c1lgebra<\/a><\/li>\n<li><a href=\"http:\/\/pealfadh.blogspot.com.es\/search\/label\/Trigonometr\u00eda+Matem%C3%A1ticas%20I\">Trigonometr\u00eda<\/a><\/li>\n<li>Resoluci\u00f3n de tri\u00e1ngulos<\/li>\n<li>N\u00fameros complejos<\/li>\n<li><a href=\"http:\/\/pealfadh.blogspot.com.es\/search\/label\/Vectores+Matem%C3%A1ticas%20I\">Geometr\u00eda vectorial<\/a><\/li>\n<li><a href=\"http:\/\/pealfadh.blogspot.com.es\/search\/label\/Geometr\u00eda+Matem%C3%A1ticas%20I\">Geometr\u00eda del plano<\/a><\/li>\n<li><a href=\"https:\/\/www.pealfa.duckdns.org\/wordpress\/?tag=funciones&#038;cat=3\">Funciones<\/a><\/li>\n<li><a href=\"https:\/\/www.pealfa.duckdns.org\/wordpress\/?tag=limites-y-continuidad&#038;cat=3\">L\u00edmites y continuidad<\/a><\/li>\n<li><a href=\"https:\/\/www.pealfa.duckdns.org\/wordpress\/?tag=derivadas&#038;cat=3\">Introducci\u00f3n a las derivadas<\/a><\/li>\n<li>Estad\u00edstica bidimensional<\/li>\n<\/ol>\n<h2 style=\"text-align: center;\">\nMatem\u00e1ticas II<\/h2>\n<div style=\"text-align: center;\">\n<\/div>\n<ol>\n<li><a href=\"https:\/\/www.pealfa.duckdns.org\/wordpress\/?tag=limites-y-continuidad&#038;cat=19\">L\u00edmites y Continuidad de Funciones<\/a><\/li>\n<li><a href=\"https:\/\/www.pealfa.duckdns.org\/wordpress\/?tag=ampliacion-de-derivadas&#038;cat=19\">Ampliaci\u00f3n de C\u00e1lculo Diferencial<\/a><\/li>\n<li><a href=\"https:\/\/www.pealfa.duckdns.org\/wordpress\/?tag=aplicaciones-de-las-derivadas&#038;cat=19\">Aplicaciones de las Derivadas<\/a><\/li>\n<li>Representaci\u00f3n de curvas<\/li>\n<li><a href=\"https:\/\/www.pealfa.duckdns.org\/wordpress\/?tag=integrales-indefinidas&#038;cat=19\">C\u00e1lculo de Primitivas<\/a><\/li>\n<li><a href=\"https:\/\/www.pealfa.duckdns.org\/wordpress\/?tag=integral-definida&#038;cat=19\">Integral Definida<\/a><\/li>\n<li><a href=\"https:\/\/www.pealfa.duckdns.org\/wordpress\/?tag=matrices-y-determinantes&#038;cat=19\">Matrices y Determinantes<\/a><\/li>\n<li>El Espacio Af\u00edn<\/li>\n<li>El Espacio Eucl\u00eddeo<\/li>\n<li>C\u00e1lculo de Probabilidades<\/li>\n<li>&nbsp;Distribuciones de probabilidad<\/li>\n<\/ol>\n<h2 style=\"text-align: center;\">\nMatem\u00e1ticas Aplicadas II<\/h2>\n<div style=\"text-align: center;\">\n<\/div>\n<div style=\"text-align: center;\">\n<\/div>\n<ol>\n<li><a href=\"https:\/\/www.pealfa.duckdns.org\/wordpress\/?tag=sistemas-de-ecuaciones&#038;cat=31\">Sistemas de Ecuaciones<\/a><\/li>\n<li><a href=\"https:\/\/www.pealfa.duckdns.org\/wordpress\/?tag=matrices-y-determinantes&#038;cat=31\">Matrices y Determinantes<\/a><\/li>\n<li><a href=\"http:\/\/pealfadh.blogspot.com.es\/search\/label\/Matem%C3%A1ticas%20Aplicadas%20II+Programaci%C3%B3n%20Lineal\" target=\"_blank\" rel=\"noopener noreferrer\">Programaci\u00f3n Lineal<\/a><\/li>\n<li>Funciones: gr\u00e1ficas, l\u00edmites y continuidad.<\/li>\n<li>C\u00e1lculo de Derivadas.<\/li>\n<li>Aplicaciones de las Derivadas.<\/li>\n<li>C\u00e1lculo de Probabilidades.<\/li>\n<li><a href=\"https:\/\/www.pealfa.duckdns.org\/wordpress\/?tag=inferencia&#038;cat=31\">Muestreo e Inferencia Estad\u00edstica.<\/a><\/li>\n<li>Contraste de Hip\u00f3tesis.<\/li>\n<\/ol>\n","protected":false},"excerpt":{"rendered":"<p>Matem\u00e1ticas I Aritm\u00e9tica \u00c1lgebra Trigonometr\u00eda Resoluci\u00f3n de tri\u00e1ngulos N\u00fameros complejos Geometr\u00eda vectorial Geometr\u00eda del plano Funciones L\u00edmites y continuidad Introducci\u00f3n a las [&hellip;]<\/p>\n","protected":false},"author":1,"featured_media":0,"parent":0,"menu_order":0,"comment_status":"closed","ping_status":"closed","template":"","meta":{"footnotes":""},"class_list":["post-371","page","type-page","status-publish","hentry"],"_links":{"self":[{"href":"https:\/\/www.pealfa.duckdns.org\/wordpress\/index.php?rest_route=\/wp\/v2\/pages\/371","targetHints":{"allow":["GET"]}}],"collection":[{"href":"https:\/\/www.pealfa.duckdns.org\/wordpress\/index.php?rest_route=\/wp\/v2\/pages"}],"about":[{"href":"https:\/\/www.pealfa.duckdns.org\/wordpress\/index.php?rest_route=\/wp\/v2\/types\/page"}],"author":[{"embeddable":true,"href":"https:\/\/www.pealfa.duckdns.org\/wordpress\/index.php?rest_route=\/wp\/v2\/users\/1"}],"replies":[{"embeddable":true,"href":"https:\/\/www.pealfa.duckdns.org\/wordpress\/index.php?rest_route=%2Fwp%2Fv2%2Fcomments&post=371"}],"version-history":[{"count":18,"href":"https:\/\/www.pealfa.duckdns.org\/wordpress\/index.php?rest_route=\/wp\/v2\/pages\/371\/revisions"}],"predecessor-version":[{"id":900,"href":"https:\/\/www.pealfa.duckdns.org\/wordpress\/index.php?rest_route=\/wp\/v2\/pages\/371\/revisions\/900"}],"wp:attachment":[{"href":"https:\/\/www.pealfa.duckdns.org\/wordpress\/index.php?rest_route=%2Fwp%2Fv2%2Fmedia&parent=371"}],"curies":[{"name":"wp","href":"https:\/\/api.w.org\/{rel}","templated":true}]}}